
12
Calculate the greatest common divisor of 6254 and 265.
53
Calculate the greatest common divisor of 66 and 13242.
6
What is the greatest common factor of 295 and 41831?
59
What is the greatest common factor of 10555206 and 138?
138
Calculate the highest common divisor of 1081626 and 195.
39
Calculate the greatest common divisor of 269 and 3029209.
269
Calculate the highest common factor of 227752 and 25896.
664
Calculate the greatest common divisor of 1560 and 7176.
312
What is the highest common factor of 4873 and 499704?
443
What is the greatest common factor of 9016 and 490?
98
What is the greatest common factor of 66 and 838068?
66
Calculate the highest common factor of 695370 and 52.
26
Calculate the greatest common divisor of 54883 and 5751.
71
What is the greatest common divisor of 37 and 629481?
37
Calculate the greatest common divisor of 1197 and 1843.
19
What is the highest common divisor of 33743 and 205?
41
Calculate the highest common divisor of 7979 and 1111.
101
Calculate the greatest common factor of 348312 and 3864.
552
Calculate the highest common divisor of 52043 and 142.
71
What is the highest common factor of 150962 and 9184?
574
What is the greatest common divisor of 25 and 69425?
25
What is the highest common factor of 458 and 190?
2
Calculate the greatest common factor of 36593 and 177859.
851
Calculate the highest common factor of 1979837 and 17.
17
What is the highest common factor of 39700 and 2779?
397
Calculate the highest common factor of 89640 and 33480.
1080
What is the greatest common divisor of 3955301 and 314?
157
What is the highest common factor of 876 and 45036?
12
What is the highest common divisor of 168 and 73104?
24
Calculate the greatest common divisor of 8 and 15592.
8
Calculate the highest common factor of 66 and 621258.
66
What is the highest common factor of 5120 and 21920?
160
Calculate the highest common factor of 107914 and 711.
79
What is the greatest common divisor of 11640 and 1920?
120
Calculate the highest common divisor of 1358566 and 3663.
407
Calculate the greatest common factor of 156 and 26652.
12
Calculate the greatest common divisor of 2354 and 57607.
11
What is the greatest common factor of 306 and 3582?
18
Calculate the highest common factor of 1072 and 13065.
67
What is the greatest common divisor of 3286 and 23684?
62
Calculate the highest common factor of 29986 and 40194.
638
Calculate the greatest common divisor of 10035 and 855.
45
What is the greatest common factor of 69 and 203527?
23
Calculate the greatest common divisor of 868 and 82292.
28
What is the highest common factor of 1812 and 2253524?
604
What is the highest common factor of 3294 and 594?
54
What is the highest common factor of 475 and 725?
25
What is the highest common factor of 6996 and 2376?
132
What is the greatest common divisor of 189 and 14301?
63
What is the greatest common factor of 3 and 995259?
3
What is the highest common factor of 101112 and 12210?
66
Calculate the greatest common factor of 66537 and 24.
3
What is the greatest common factor of 3409 and 30194?
487
Calculate the highest common divisor of 493 and 2404361.
493
What is the greatest common factor of 727890 and 1140?
570
Calculate the greatest common factor of 1794 and 110676.
138
Calculate the highest common divisor of 2054 and 5609.
79
What is the greatest common divisor of 75328 and 40?
8
What is the highest common divisor of 22 and 272822?
22
Calculate the greatest common factor of 58225 and 1507.
137
Calculate the highest common factor of 1030395 and 657.
219
What is the highest common divisor of 11472 and 14544?
48
Calculate the highest common factor of 900 and 4100.
100
What is the highest common divisor of 2475 and 82665?
495
Calculate the highest common divisor of 61280 and 4213.
383
What is the highest common factor of 17376 and 321999?
543
Calculate the greatest common factor of 843787 and 2.
1
What is the highest common divisor of 2970 and 1640?
10
Calculate the highest common divisor of 90 and 341775.
45
What is the highest common divisor of 275 and 3565925?
275
What is the highest common factor of 2702 and 434?
14
Calculate the greatest common divisor of 1071 and 1496.
17
What is the greatest common divisor of 1120 and 376460?
140
Calculate the highest common divisor of 2016 and 3969.
63
Calculate the highest common divisor of 239442 and 672.
42
Calculate the highest common factor of 1199 and 2180.
109
Calculate the highest common factor of 1760 and 59110.
10
Calculate the highest common divisor of 11172 and 207564.
588
Calculate the greatest common divisor of 266 and 46151.
133
What is the greatest common divisor of 13775 and 1885?
145
What is the greatest common divisor of 470 and 1990?
10
What is the greatest common factor of 3996 and 276?
12
What is the greatest common factor of 19118 and 4114?
242
What is the greatest common factor of 24 and 1624368?
24
What is the greatest common factor of 4169946 and 264?
66
Calculate the highest common factor of 42 and 1310925.
21
What is the highest common factor of 177876 and 40626?
1098
Calculate the greatest common divisor of 20 and 4735190.
10
What is the greatest common factor of 103188 and 408?
12
Calculate the greatest common factor of 32286 and 12.
6
What is the highest common divisor of 775 and 6913?
31
Calculate the greatest common divisor of 2575 and 7825.
25
Calculate the highest common divisor of 19368 and 576.
72
Calculate the highest common divisor of 1285 and 1484432.
257
What is the greatest common divisor of 5 and 104?
1
Calculate the highest common factor of 3591 and 896.
7
What is the highest common divisor of 16 and 10879?
1
Calculate the highest common factor of 46340 and 70.
70
What is the greatest common divisor of 504 and 441882?
126
Calculate the highest common divisor of 719805 and 15.
15
What is the highest common divisor of 735 and 48657?
147
Calculate the highest common divisor of 8 and 85.
1
Calculate the highest common factor of 9425 and 63800.
725
What is the highest common factor of 4968 and 384?
24
What is the highest common divisor of 288300 and 186?
186
What is the highest common factor of 56 and 32774?
14
Calculate the greatest common divisor of 993 and 291.
3
Calculate the greatest common factor of 1755 and 39429.
117
What is the greatest common factor of 1349 and 130427?
71
Calculate the highest common divisor of 36 and 945400.
4
Calculate the highest common divisor of 15 and 2376645.
15
What is the greatest common factor of 35 and 752885?
35
Calculate the greatest common factor of 12276 and 21582.
198
What is the highest common factor of 3653 and 26?
13
Calculate the highest common factor of 1669908 and 603.
201
Calculate the greatest common factor of 130394 and 121.
11
What is the highest common factor of 7 and 105077?
7
Calculate the highest common divisor of 216 and 72378.
18
Calculate the highest common divisor of 398 and 9353.
199
What is the highest common factor of 28702 and 8382?
254
What is the highest common factor of 11368 and 609?
203
Calculate the highest common divisor of 9548 and 40796.
868
What is the greatest common divisor of 24 and 5048?
8
What is the greatest common divisor of 447369 and 39?
39
Calculate the highest common divisor of 4636 and 3116.
76
What is the greatest common factor of 246448 and 4088?
584
What is the greatest common factor of 39 and 25776699?
39
What is the highest common factor of 2119788 and 1188?
396
What is the highest common divisor of 48 and 396876?
12
Calculate the greatest common divisor of 176 and 1186240.
176
Calculate the highest common factor of 295064 and 539.
77
Calculate the highest common divisor of 4338 and 3.
3
What is the highest common factor of 6578 and 6864?
286
Calculate the greatest common factor of 103 and 831828.
103
Calculate the greatest common divisor of 2333536 and 8.
8
Calculate the highest common factor of 164676 and 96.
12
Calculate the greatest common divisor of 574 and 851242.
574
What is the highest common divisor of 3107 and 153677?
239
Calculate the highest common factor of 101032 and 14013.
173
What is the greatest common divisor of 52 and 90142?
26
What is the highest common divisor of 56913 and 1464?
183
What is the highest common divisor of 8775 and 2092